s 2532958277 prime?
False
Is 714157559 composite?
False
Is 11261537779 a prime number?
True
Is 8145931573 a prime number?
False
Is 73113485 a composite number?
True
Is 169622422 a composite number?
True
Is 1078125167 a composite number?
True
Is 1448192729 a composite number?
False
Is 10449497687 composite?
False
Is 49628520977 a prime number?
False
Is 20081732761 prime?
False
Is 1891342199 a prime number?
True
Is 115154790963 a composite number?
True
Is 479484251 prime?
False
Is 4218164758 a composite number?
True
Is 116031011 a prime number?
True
Is 699941269 composite?
False
Is 144086893 a prime number?
True
Is 75365112353 composite?
False
Is 5146369967 a prime number?
True
Is 2703989797 prime?
True
Is 2807333897 a prime number?
False
Is 4292379514 a composite number?
True
Is 42708048359 prime?
True
Is 1090457153 a prime number?
False
Is 265613003 prime?
True
Is 6134316943 prime?
True
Is 2349816974 composite?
True
Is 2157855367 a composite number?
False
Is 158384509 composite?
True
Is 1309245187 a prime number?
False
Is 21541496777 a composite number?
False
Is 122503308253 a composite number?
True
Is 8974338703 prime?
False
Is 9351666139 composite?
False
Is 18130792382 composite?
True
Is 23571567057 a prime number?
False
Is 140514547 composite?
False
Is 15637598 prime?
False
Is 56071068279 composite?
True
Is 3824271881 composite?
False
Is 15242338817 a prime number?
False
Is 20692273379 a prime number?
False
Is 749825981 a composite number?
True
Is 411772241 prime?
True
Is 42740873023 a composite number?
False
Is 1314962395 composite?
True
Is 99581809 composite?
False
Is 66025231 composite?
False
Is 568363571 a composite number?
False
Is 1475875957 prime?
False
Is 112162764485 prime?
False
Is 7384452191 composite?
False
Is 38825515 composite?
True
Is 18288723877 prime?
False
Is 72768647 a composite number?
True
Is 364536461 a composite number?
False
Is 17699752717 a composite number?
False
Is 1150035583 composite?
False
Is 5446993913 a prime number?
True
Is 32840625343 a composite number?
False
Is 3544308839 a prime number?
False
Is 1710095461 a prime number?
False
Is 392953331 a composite number?
False
Is 447426971 a prime number?
False
Is 2871460867 a prime number?
False
Is 48332052661 composite?
False
Is 55591597 prime?
True
Is 911533529 a composite number?
False
Is 69728845561 a prime number?
True
Is 566309735 a prime number?
False
Is 74814020261 a composite number?
False
Is 1094458291 a composite number?
False
Is 1222782017 prime?
False
Is 1806567599 a prime number?
True
Is 10622301797 composite?
False
Is 62504498663 composite?
False
Is 2072760491 a prime number?
True
Is 82613707639 composite?
True
Is 17845023379 a prime number?
True
Is 96934221193 composite?
False
Is 17212246153 prime?
True
Is 3810592067 prime?
True
Is 570959143 a composite number?
False
Is 665943041 a prime number?
True
Is 3555965437 prime?
False
Is 825520271 a prime number?
False
Is 3363274699 prime?
False
Is 824392183 prime?
True
Is 745927697 composite?
True
Is 609879139 a prime number?
False
Is 1612291397 a prime number?
True
Is 5504975731 a composite number?
True
Is 127324517 a composite number?
False
Is 467206871 prime?
True
Is 15042561721 a composite number?
True
Is 6525239123 a prime number?
False
Is 13254947 a prime number?
True
Is 25064861 prime?
True
Is 35870323985 a composite number?
True
Is 3844810441 composite?
True
Is 1039710314 a prime number?
False
Is 9768983213 a prime number?
False
Is 82852206331 a prime number?
True
Is 70247614 a prime number?
False
Is 100680211117 prime?
True
Is 13538044607 a composite number?
True
Is 19233851113 prime?
True
Is 10376852977 prime?
True
Is 159325153 a prime number?
False
Is 255159029 prime?
False
Is 11623257557 a prime number?
True
Is 17836826957 a composite number?
False
Is 883689787 prime?
False
Is 438760736401 a composite number?
True
Is 46990321 a prime number?
False
Is 16542088793 a prime number?
False
Is 26268217379 prime?
False
Is 4398089797 a composite number?
False
Is 9516069191 composite?
True
Is 66742813 prime?
False
Is 595455841 composite?
True
Is 145157101 a composite number?
True
Is 2459043701 prime?
False
Is 1578185921 a prime number?
False
Is 78348545747 a prime number?
False
Is 8125763647 a composite number?
False
Is 11197025963 prime?
False
Is 365667435631 a prime number?
False
Is 728834597 a composite number?
False
Is 17757357743 composite?
False
Is 180816081977 composite?
False
Is 11308984311 composite?
True
Is 3100140037 a prime number?
True
Is 40250395747 composite?
False
Is 620932721 a composite number?
True
Is 34160760817 composite?
True
Is 8653316909 a composite number?
False
Is 30108162193 a prime number?
True
Is 18854394337 composite?
True
Is 21076666151 a composite number?
False
Is 10359153647 composite?
True
Is 2706573557 a prime number?
True
Is 37523884018 prime?
False
Is 3268560149 composite?
True
Is 3303395323 prime?
True
Is 40327829567 a prime number?
True
Is 1208117107 composite?
False
Is 1681266637 a composite number?
False
Is 7229200283 prime?
False
Is 7030413463 prime?
True
Is 17726781727 a composite number?
False
Is 148518520939 a prime number?
False
Is 1918197551 prime?
True
Is 486338561 a prime number?
False
Is 23860367071 composite?
False
Is 9839439073 composite?
False
Is 109585629913 composite?
False
Is 2110755967 a composite number?
False
Is 839140873 a composite number?
True
Is 266460913 composite?
True
Is 2018192369 prime?
False
Is 1523705881 prime?
False
Is 361285126 a composite number?
True
Is 3494886517 prime?
False
Is 26841887 a prime number?
False
Is 63172618631 a composite number?
True
Is 356575855 a composite number?
True
Is 327798997 a composite number?
True
Is 357951707 prime?
False
Is 3950390533 composite?
False
Is 34157613067 a prime number?
True
Is 2077739401 prime?
False
Is 3819218201 composite?
False
Is 227503097 a composite number?
True
Is 91221310577 a prime number?
True
Is 142218509 a composite number?
False
Is 1507169539 a composite number?
True
Is 2052331003 prime?
False
Is 2230046641 prime?
True
Is 1173556741 prime?
False
Is 20522897771 composite?
False
Is 1450169023 a composite number?
True
Is 1622806781 a prime number?
False
Is 3671396261 prime?
False
Is 2867507711 composite?
False
Is 134168449 a composite number?
False
Is 42050625313 a composite number?
True
Is 478968709 prime?
False
Is 2017210927 a prime number?
True
Is 1700789 a prime number?
False
Is 674127527 composite?
False
Is 1004980919 a prime number?
True
Is 46549073513 prime?
False
Is 89371019 a prime number?
True
Is 1616924603 composite?
True
Is 145560179 a prime number?
True
Is 37600091 a composite number?
False
Is 1012217233 prime?
False
Is 12504438217 composite?
True
Is 8578933367 a prime number?
True
Is 1436810461 prime?
True
Is 60904279 composite?
False
Is 7175570803 prime?
True
Is 111808553 a prime number?
False
Is 109008857018 a prime number?
False
Is 21034174687 a prime number?
True
Is 86828433211 prime?
False
Is 63923481559 composite?
True
Is 10722637309 a composite number?
True
Is 713441321 a prime number?
False
Is 1234843651 a prime number?
False
Is 1165735019 a prime number?
True
Is 40605066923 a prime number?
False
Is 40903546601 prime?
False
Is 2507487419 prime?
False
Is 998333681 composite?
True
Is 67925333369 composite?
False
Is 188081389 a prime number?
True
Is 36828248306 a composite number?
True
Is 154098812603 composite?
False
Is 24524956931 composite?
False
Is 21721234331 a composite number?
True
Is 2163847402 a composite number?
True
Is 535355033 composite?
True
Is 4224292823 a composite number?
True
Is 1987254463 a composite number?
True
Is 30742188413 prime?
True
Is 3332060597 a prime number?
True
Is 16256330917 prime?
False
Is 41290286267 a prime number?
True
Is 32283181319 prime?
True
Is 13372336609 prime?
True
Is 6282672719 a composite number?
True
Is 8425945441 a prime number?
True
Is 30692911009 a composite number?
False
Is 423249877 prime?
True
Is 129634851 composite?
True
Is 5594644267 composite?
False
Is 106799069 prime?
False
Is 4038631 prime?
True
Is 1172963507 prime?
True
Is 55252462663 a composite number?
False
Is 344315683 composite?
True
Is 210103369 composite?
True
Is 2152904201 a prime number?
False
Is 13002926473 a composite number?
False
Is 33